))/((-22)/(-275)).
5, 1459
Let q(h) = h**3 - h**2 + 2*h - 7. Let d be q(2). What are the prime factors of (d/(-1) - 3) + 0 + 662?
2, 7, 47
Let k(v) = -1445*v + 50800. List the prime factors of k(0).
2, 5, 127
Let h = -440 - 76. List the prime factors of h*((-5)/3 + 1).
2, 43
Let g = 64 - 54. Suppose t - 3201 = -g*t. Suppose -4*z + t = -z. What are the prime factors of z?
97
Suppose 3*p + 10 = -2*p, 4*p = 3*r - 182. Let c = r + -41. Suppose 414 = -14*w + c*w. List the prime factors of w.
2, 3, 23
Let s(o) = o**3 - 6*o**2 + 6*o + 28. Let w be (8 + -6)*35/10. Let h be s(w). Suppose -900 = h*c - 122*c. List the prime factors of c.
2, 3, 5
Suppose 3*y - 253 = -d + 37, 2*d = 2*y - 196. Suppose -3*m - 8 = k, -5*k + 2*m = -k - 24. List the prime factors of y + k/8*-2.
2, 3
Let q = -26 - -31. Suppose -3*y = -3*t + 354, -q*t + 5*y = -t - 475. List the prime factors of t*(-13 + 12)*1/(-1).
5, 23
Let j(h) = 2*h**2 - 7*h + 6. Let p be j(4). Let y be 80/360 - 281/9. Let g = p - y. List the prime factors of g.
41
Let v(o) = 3*o - 3*o - 6*o + 5*o + 324 + 7*o. List the prime factors of v(-20).
2, 3, 17
Suppose -5*l = 5*n - 146560, 15*n + 87936 = 18*n - 2*l. What are the prime factors of n?
2, 229
Let f = -5253 - -5335. What are the prime factors of f?
2, 41
Suppose -4*p + 12 = 0, -3*s + 2*p = -4*s - 40. Let g = s - -55. Let y = 74 - g. What are the prime factors of y?
5, 13
List the prime factors of (-6)/(39/390 + 29811/(-297210)).
2, 9907
Let k = -32 + 5. List the prime factors of ((-328)/24 - -8)*(k - 0).
3, 17
Suppose 16*q = -q - 17*q. Suppose q = -19*u - 19*u + 40736. What are the prime factors of u?
2, 67
Suppose q - 4*y = -29, 3*q - 13*y + 71 = -9*y. List the prime factors of ((-15)/(-10))/(q/(-22750)).
5, 13
Let d(v) = -8*v - 354. Let i be d(-46). Suppose -22218 = -i*l + 896. List the prime factors of l.
13, 127
Let v = -95 - -99. Suppose -3*a - 18 + 146 = 4*q, 5*a - 224 = v*q. Let x = 115 - a. What are the prime factors of x?
71
Let b be 390/(-24) - (0 + 2/(-8)). Let f be 40*33/6 - b/(-4). Let t = 319 - f. What are the prime factors of t?
103
Let o be 37 + (-1 - 0)*0. Let t(v) = -v**3 + 48*v**2 + 45*v + 214. Let n be t(49). Let z = o - n. What are the prime factors of z?
19
Suppose -5*w - q + 12 = 0, 3*w + 2*q = -2 + 5. What are the prime factors of (w - (-20)/(-5))*-597?
3, 199
Suppose -o = -3*s + 332, -3*s - 22*o + 20*o = -317. Suppose s*t - 118*t = -1557. What are the prime factors of t?
173
Suppose 0 = 3130*m - 3155*m + 61225. What are the prime factors of m?
31, 79
Let t(n) = -n - 1. Let v be t(-5). Suppose -148 = -v*p + 380. List the prime factors of p.
2, 3, 11
Let y = 10446 + -9861. What are the prime factors of y?
3, 5, 13
Suppose -2*f + 3 = -7. Suppose f*m = 6*i - i + 1765, 5*i = 2*m - 697. List the prime factors of m.
2, 89
Let t = 1756 - 1754. Let s be (-3)/(-9) - 2/6. Suppose t*k + 2*k - 424 = s. What are the prime factors of k?
2, 53
List the prime factors of (20/(-4) - 32810/6)*-9.
2, 3, 5, 821
Let g(n) = n**3 + 4*n**2 - 4. Suppose -34 + 13 = 7*i. Let c be g(i). Suppose 2*z + 3*u + 297 = c*z, 3*z + u = 297. List the prime factors of z.
3, 11
Let k(n) = 8*n**2 + 4*n - 984. What are the prime factors of k(60)?
2, 3, 7, 167
Suppose 3*t - 5*u = -t + 1308, 0 = 5*t - 2*u - 1652. Suppose t = -0*y + 4*y. Let c = y + -42. What are the prime factors of c?
41
Let d(f) be the third derivative of -10*f**2 + 0*f + 0 + 13/6*f**3 - 1/60*f**5 - 3/4*f**4. List the prime factors of d(-13).
2, 3, 13
Let l(q) = -232*q**3. Let h be (2/1)/(6/(-3)). Let y be l(h). Suppose -45*a + y = -41*a. List the prime factors of a.
2, 29
Let s = -68876 - -97699. List the prime factors of s.
19, 37, 41
What are the prime factors of ((60/(-21))/5 - -4)*31227/6?
2, 3, 1487
Let t(h) = -4*h + 4. Let m be t(-1). Let x be -3 + 20/m + 75/6. Suppose -11*q = -x*q + 121. What are the prime factors of q?
11
Let f(x) = 6*x + 15. Let h(p) = -p - 1. Let g(z) = -f(z) + 2*h(z). Let r be ((-8)/(144/63))/((-1)/(-2)). What are the prime factors of g(r)?
3, 13
Suppose 21*j - 84 = -0. Suppose j*b + 579 = 7167. List the prime factors of b.
3, 61
Let x(n) = -9*n - 24. Let f be x(5). Let q = -32 - -56. Let o = q - f. What are the prime factors of o?
3, 31
Suppose 0 = 5*o + 10*d - 12*d - 34680, 0 = 5*o + 5*d - 34680. What are the prime factors of (-11)/((-220)/o) + (-2)/(-10)?
347
Let l(z) = 95*z - 37. Let v be l(13). Suppose 4 = 4*a, -3*r + 5*a - 3*a + v = 0. Suppose 6*p - 200 - r = 0. List the prime factors of p.
2, 5
Suppose -68731 + 1227 = -16*t. Suppose 29*b = t + 19387. What are the prime factors of b?
2, 11, 37
Suppose -f - 8 + 5 = 0, 0 = 2*j - f - 63. Suppose u + 17110 = j*u. What are the prime factors of u?
2, 5, 59
List the prime factors of 8476 + ((-3)/2 - 56/16).
43, 197
Let l(u) = -43*u**3 + u**2 - 4*u - 11. Let x be l(-2). Suppose -x = -j + 207. List the prime factors of j.
2, 3, 23
Suppose -5*p - 6*n - 2961 = -7*n, 5*p + 3*n = -2957. Let c = -306 - p. List the prime factors of c.
2, 11, 13
Suppose -5*o - 35 = 2*o. What are the prime factors of 2/8 + (o - 30642/(-24))?
2, 3, 53
Let w = 22195 - 8354. What are the prime factors of w?
13841
Let l(b) = 16*b - 16. Let f be l(1). Let k(j) = -j**2 + 3*j + 934. List the prime factors of k(f).
2, 467
Let t be 3/(-9) + 14/6. Suppose t*o = 5*o - 9. Suppose 12 = 3*i + 2*x, 0*i - 12 = -o*i + 3*x. List the prime factors of i.
2
Suppose -4*o + 9*o = 15, 0 = -5*s - 3*o + 1079. Suppose s*r = 210*r + 1240. What are the prime factors of r?
2, 5, 31
What are the prime factors of 40/(-30)*(-6180)/2?
2, 5, 103
Suppose 4*v + 8 = -4*q, -5*q + 6*v = 2*v + 19. Let u be (-174)/45*q*10. What are the prime factors of (-5 - u/(-28))*-21?
2, 3
List the prime factors of (10/(-6))/(520/(-2194608)).
2, 3517
Let g be 768/(-8 - (-140)/16). Let o = -348 + g. What are the prime factors of o?
2, 13
Suppose -2597 - 652 = -9*m. Suppose 7*r - 689 = m. List the prime factors of r.
2, 3, 5
Suppose -51 = -4*u - 3*m, 3 = 4*u - 2*u - 3*m. Suppose -u*y + 2980 = y. List the prime factors of y.
2, 149
Let k(x) = -2*x**3 - 39*x**2 - 15*x + 66. What are the prime factors of k(-21)?
2, 3, 71
Let w = 3388 - 1667. List the prime factors of w.
1721
Suppose 2*v - 3*v = -3. Suppose -v*z - 12 = 4*f, 25 = f - 5*z + 5. Suppose -169 = -5*a - 2*n - 11, f = 3*n - 12. List the prime factors of a.
2, 3, 5
Suppose 2*s + 294 = t - 1175, 0 = -5*s + 2*t - 3674. Let b = s - -1254. List the prime factors of b.
2, 7, 37
Let f(a) = -a**3 + 28*a**2 + 24*a - 18. What are the prime factors of f(14)?
2, 1531
Let o be (-10)/4*(-18)/15. Suppose -o*s = -16*t + 13*t - 723, -470 = -2*s + 5*t. What are the prime factors of s?
5, 7
What are the prime factors of (-4420)/(374/33 + -12)?
2, 3, 5, 13, 17
Suppose 12010 = 4*i + 2*q, -q - 27039 = 8*i - 17*i. What are the prime factors of i?
2, 751
Suppose -5*v = u - 21262, 0 = 864*v - 866*v + 4*u + 8518. What are the prime factors of v?
4253
Let v(m) = 2*m**3 - 49*m**2 + 24*m + 27. Suppose 5*q = 32*q - 648. What are the prime factors of v(q)?
3
Suppose 1249 = -5*g + 3*h - 7*h, 4*g + 991 = 5*h. Let y = 717 + -337. Let a = g + y. List the prime factors of a.
131
Suppose 31*l = 96103 - 29763. Suppose -4*x + l = 16*x. List the prime factors of x.
107
Let r = -18 - -30. Let w be 70/6 - (2 + (-16)/r). Let m = w + 12. List the prime factors of m.
23
Let k(a) = -12 - 38 - a - 8 - 6*a. List the prime factors of k(-17).
61
Suppose -28*h + 105976 + 499430 = -5*h. List the prime factors of h.
2, 3, 41, 107
Let b(d) = -948*d - 595. What are the prime factors of b(-3)?
13, 173
Let c(w) = -9*w - 18. Let l be c(-5). Suppose 31*n = l*n + 212. Suppose 0 = -2*p + 161 - n. What are the prime factors of p?
2, 3
Suppose -85 = 5*h - 65. Let j(v) = -3*v - 8. Let z be j(h). List the prime factors of (z - (15 - 3))*146/(-8).
2, 73
Suppose -3*v - j = -2 - 9, 0 = v - 5*j + 7. Suppose 0*b - 288 = -4*b. Suppose -v*k + b = -k. List the prime factors of k.
2, 3
Suppose -4*g - 42 = -18*g. Suppose g*m + i - 2107 = 3*i, 2*m + 3*i = 1383. What are the prime factors of m?
3, 233
Let t = 512 + -274. Suppose 3*c - 2*s - 2*s = t, 3*c - 2*s = 242. Let x = -15 + c. What are the prime factors of x?
67
Suppose 0 = 17*w - 0*w - 11424. Suppose 3*q - w = -h, 41*q = h + 36*q - 656. List the prime factors of h.
2, 3, 3